{"id":26,"date":"2022-06-14T22:59:27","date_gmt":"2022-06-15T01:59:27","guid":{"rendered":"https:\/\/congressogoianoortopedia.com.br\/?page_id=26"},"modified":"2024-06-24T18:47:57","modified_gmt":"2024-06-24T21:47:57","slug":"o-evento","status":"publish","type":"page","link":"https:\/\/congressogoianoortopedia.com.br\/2024\/o-evento\/","title":{"rendered":"O Evento"},"content":{"rendered":"\t\t<div data-elementor-type=\"wp-page\" data-elementor-id=\"26\" class=\"elementor elementor-26\" data-elementor-post-type=\"page\">\n\t\t\t\t\t\t<section class=\"elementor-section elementor-top-section elementor-element elementor-element-17b42327 elementor-section-height-min-height elementor-section-boxed elementor-section-height-default elementor-section-items-middle\" data-id=\"17b42327\" data-element_type=\"section\" data-e-type=\"section\" data-settings=\"{&quot;background_background&quot;:&quot;classic&quot;}\">\n\t\t\t\t\t\t\t<div class=\"elementor-background-overlay\"><\/div>\n\t\t\t\t\t\t\t<div class=\"elementor-container elementor-column-gap-default\">\n\t\t\t\t\t<div class=\"elementor-column elementor-col-100 elementor-top-column elementor-element elementor-element-536419cc\" data-id=\"536419cc\" data-element_type=\"column\" data-e-type=\"column\">\n\t\t\t<div class=\"elementor-widget-wrap elementor-element-populated\">\n\t\t\t\t\t\t\t<\/div>\n\t\t<\/div>\n\t\t\t\t\t<\/div>\n\t\t<\/section>\n\t\t\t\t<section class=\"elementor-section elementor-top-section elementor-element elementor-element-c1c542e elementor-reverse-mobile elementor-section-boxed elementor-section-height-default elementor-section-height-default\" data-id=\"c1c542e\" data-element_type=\"section\" data-e-type=\"section\" data-settings=\"{&quot;background_background&quot;:&quot;classic&quot;}\">\n\t\t\t\t\t\t<div class=\"elementor-container elementor-column-gap-default\">\n\t\t\t\t\t<div class=\"elementor-column elementor-col-100 elementor-top-column elementor-element elementor-element-e0879e3\" data-id=\"e0879e3\" data-element_type=\"column\" data-e-type=\"column\">\n\t\t\t<div class=\"elementor-widget-wrap elementor-element-populated\">\n\t\t\t\t\t\t<div class=\"elementor-element elementor-element-431c80c elementor-widget elementor-widget-text-editor\" data-id=\"431c80c\" data-element_type=\"widget\" data-e-type=\"widget\" data-widget_type=\"text-editor.default\">\n\t\t\t\t<div class=\"elementor-widget-container\">\n\t\t\t\t\t\t\t\t\t<p><em>Prezado(a) Colega Ortopedista,<\/em><\/p><p><em>\u00c9 com grande entusiasmo que venho informar e convidar todos os profissionais de ortopedia e traumatologia de Goi\u00e1s para o XVIII Congresso Goiano de Ortopedia e Traumatologia, que ser\u00e1 realizado nos dias 27 e 28 de setembro de 2024. Este evento, promovido pela Sociedade Brasileira de Ortopedia e Traumatologia &#8211; Se\u00e7\u00e3o Goi\u00e1s (SBOT-GO), ser\u00e1 uma excelente oportunidade para atualiza\u00e7\u00e3o profissional, troca de conhecimentos e networking com colegas de todo o estado.<\/em><\/p><p><em>O tema central deste ano, &#8220;Inova\u00e7\u00f5es Tecnol\u00f3gicas em Ortopedia e Traumatologia&#8221;, foi escolhido com o intuito de destacar os avan\u00e7os mais recentes e significativos em nossa \u00e1rea. Durante o congresso, teremos a honra de contar com a presen\u00e7a de renomados especialistas que compartilhar\u00e3o suas experi\u00eancias e pesquisas, proporcionando um ambiente rico para debates e aprendizado.<\/em><\/p><p><em>Estamos preparando uma programa\u00e7\u00e3o diversificada e de alto n\u00edvel, que incluir\u00e1 palestras, workshops e mesas-redondas sobre as tecnologias mais inovadoras aplicadas no diagn\u00f3stico, tratamento e recupera\u00e7\u00e3o dos nossos pacientes. Tamb\u00e9m haver\u00e1 uma \u00e1rea de exposi\u00e7\u00e3o onde empresas e institui\u00e7\u00f5es apresentar\u00e3o seus produtos e servi\u00e7os mais recentes.<\/em><\/p><p><em>Acreditamos que o XVIII Congresso Goiano de Ortopedia e Traumatologia ser\u00e1 uma ocasi\u00e3o imperd\u00edvel para todos que desejam se manter atualizados e engajados com as melhores pr\u00e1ticas e inova\u00e7\u00f5es em nossa profiss\u00e3o. Contamos com a presen\u00e7a de cada um de voc\u00eas para fazer deste evento um grande sucesso.<\/em><\/p><p><em>Para mais informa\u00e7\u00f5es sobre a programa\u00e7\u00e3o e inscri\u00e7\u00f5es, por favor, acesse nosso site oficial (www.sbotgo2024.org) ou entre em contato com a secretaria da SBOT-GO.<\/em><\/p><p><em>Agrade\u00e7o antecipadamente pela aten\u00e7\u00e3o e participa\u00e7\u00e3o de todos. Juntos, continuamos a construir um futuro mais promissor para a ortopedia e traumatologia em Goi\u00e1s.<\/em><\/p><p><em>Atenciosamente,<\/em><\/p>\t\t\t\t\t\t\t\t<\/div>\n\t\t\t\t<\/div>\n\t\t\t\t<section class=\"elementor-section elementor-inner-section elementor-element elementor-element-f56bbce elementor-section-boxed elementor-section-height-default elementor-section-height-default\" data-id=\"f56bbce\" data-element_type=\"section\" data-e-type=\"section\">\n\t\t\t\t\t\t<div class=\"elementor-container elementor-column-gap-default\">\n\t\t\t\t\t<div class=\"elementor-column elementor-col-33 elementor-inner-column elementor-element elementor-element-d5e168c\" data-id=\"d5e168c\" data-element_type=\"column\" data-e-type=\"column\">\n\t\t\t<div class=\"elementor-widget-wrap elementor-element-populated\">\n\t\t\t\t\t\t<div class=\"elementor-element elementor-element-34f50c2 elementor-position-left elementor-vertical-align-middle elementor-widget elementor-widget-image-box\" data-id=\"34f50c2\" data-element_type=\"widget\" data-e-type=\"widget\" data-widget_type=\"image-box.default\">\n\t\t\t\t<div class=\"elementor-widget-container\">\n\t\t\t\t\t<div class=\"elementor-image-box-wrapper\"><figure class=\"elementor-image-box-img\"><img fetchpriority=\"high\" decoding=\"async\" width=\"852\" height=\"852\" src=\"https:\/\/congressogoianoortopedia.com.br\/2024\/wp-content\/uploads\/2022\/07\/Junichiro-Sado.jpeg\" class=\"attachment-full size-full wp-image-319\" alt=\"\" srcset=\"https:\/\/congressogoianoortopedia.com.br\/2024\/wp-content\/uploads\/2022\/07\/Junichiro-Sado.jpeg 852w, https:\/\/congressogoianoortopedia.com.br\/2024\/wp-content\/uploads\/2022\/07\/Junichiro-Sado-300x300.jpeg 300w, https:\/\/congressogoianoortopedia.com.br\/2024\/wp-content\/uploads\/2022\/07\/Junichiro-Sado-150x150.jpeg 150w, https:\/\/congressogoianoortopedia.com.br\/2024\/wp-content\/uploads\/2022\/07\/Junichiro-Sado-768x768.jpeg 768w\" sizes=\"(max-width: 852px) 100vw, 852px\" \/><\/figure><div class=\"elementor-image-box-content\"><h3 class=\"elementor-image-box-title\">Dr. Junichiro Sado J\u00fanior<\/h3><p class=\"elementor-image-box-description\">Presidente da SBOT-GO<\/p><\/div><\/div>\t\t\t\t<\/div>\n\t\t\t\t<\/div>\n\t\t\t\t\t<\/div>\n\t\t<\/div>\n\t\t\t\t<div class=\"elementor-column elementor-col-33 elementor-inner-column elementor-element elementor-element-dc279f9\" data-id=\"dc279f9\" data-element_type=\"column\" data-e-type=\"column\">\n\t\t\t<div class=\"elementor-widget-wrap elementor-element-populated\">\n\t\t\t\t\t\t<div class=\"elementor-element elementor-element-4f2aca8 elementor-align-justify elementor-widget elementor-widget-button\" data-id=\"4f2aca8\" data-element_type=\"widget\" data-e-type=\"widget\" data-widget_type=\"button.default\">\n\t\t\t\t<div class=\"elementor-widget-container\">\n\t\t\t\t\t\t\t\t\t<div class=\"elementor-button-wrapper\">\n\t\t\t\t\t<a class=\"elementor-button elementor-button-link elementor-size-lg\" href=\"https:\/\/congressogoianoortopedia.com.br\/2024\/2022\/\">\n\t\t\t\t\t\t<span class=\"elementor-button-content-wrapper\">\n\t\t\t\t\t\t\t\t\t<span class=\"elementor-button-text\">Ver o site da edi\u00e7\u00e3o 2022<\/span>\n\t\t\t\t\t<\/span>\n\t\t\t\t\t<\/a>\n\t\t\t\t<\/div>\n\t\t\t\t\t\t\t\t<\/div>\n\t\t\t\t<\/div>\n\t\t\t\t\t<\/div>\n\t\t<\/div>\n\t\t\t\t<div class=\"elementor-column elementor-col-33 elementor-inner-column elementor-element elementor-element-5c86a49\" data-id=\"5c86a49\" data-element_type=\"column\" data-e-type=\"column\">\n\t\t\t<div class=\"elementor-widget-wrap elementor-element-populated\">\n\t\t\t\t\t\t<div class=\"elementor-element elementor-element-7a4d974 elementor-align-justify elementor-widget elementor-widget-button\" data-id=\"7a4d974\" data-element_type=\"widget\" data-e-type=\"widget\" data-widget_type=\"button.default\">\n\t\t\t\t<div class=\"elementor-widget-container\">\n\t\t\t\t\t\t\t\t\t<div class=\"elementor-button-wrapper\">\n\t\t\t\t\t<a class=\"elementor-button elementor-button-link elementor-size-lg\" href=\"https:\/\/congressogoianoortopedia.com.br\/2024\/2023\/\">\n\t\t\t\t\t\t<span class=\"elementor-button-content-wrapper\">\n\t\t\t\t\t\t\t\t\t<span class=\"elementor-button-text\">Ver o site da edi\u00e7\u00e3o 2023<\/span>\n\t\t\t\t\t<\/span>\n\t\t\t\t\t<\/a>\n\t\t\t\t<\/div>\n\t\t\t\t\t\t\t\t<\/div>\n\t\t\t\t<\/div>\n\t\t\t\t\t<\/div>\n\t\t<\/div>\n\t\t\t\t\t<\/div>\n\t\t<\/section>\n\t\t\t\t\t<\/div>\n\t\t<\/div>\n\t\t\t\t\t<\/div>\n\t\t<\/section>\n\t\t\t\t<\/div>\n\t\t","protected":false},"excerpt":{"rendered":"<p>Prezado(a) Colega Ortopedista, \u00c9 com grande entusiasmo que venho informar e convidar todos os profissionais de ortopedia e traumatologia de Goi\u00e1s para o XVIII Congresso Goiano de Ortopedia e Traumatologia, que ser\u00e1 realizado nos dias 27 e 28 de setembro de 2024. Este evento, promovido pela Sociedade Brasileira de Ortopedia e Traumatologia &#8211; Se\u00e7\u00e3o Goi\u00e1s [&hellip;]<\/p>\n","protected":false},"author":1,"featured_media":0,"parent":0,"menu_order":0,"comment_status":"closed","ping_status":"closed","template":"elementor_header_footer","meta":{"footnotes":""},"class_list":["post-26","page","type-page","status-publish","hentry"],"aioseo_notices":[],"_links":{"self":[{"href":"https:\/\/congressogoianoortopedia.com.br\/2024\/wp-json\/wp\/v2\/pages\/26","targetHints":{"allow":["GET"]}}],"collection":[{"href":"https:\/\/congressogoianoortopedia.com.br\/2024\/wp-json\/wp\/v2\/pages"}],"about":[{"href":"https:\/\/congressogoianoortopedia.com.br\/2024\/wp-json\/wp\/v2\/types\/page"}],"author":[{"embeddable":true,"href":"https:\/\/congressogoianoortopedia.com.br\/2024\/wp-json\/wp\/v2\/users\/1"}],"replies":[{"embeddable":true,"href":"https:\/\/congressogoianoortopedia.com.br\/2024\/wp-json\/wp\/v2\/comments?post=26"}],"version-history":[{"count":37,"href":"https:\/\/congressogoianoortopedia.com.br\/2024\/wp-json\/wp\/v2\/pages\/26\/revisions"}],"predecessor-version":[{"id":1178,"href":"https:\/\/congressogoianoortopedia.com.br\/2024\/wp-json\/wp\/v2\/pages\/26\/revisions\/1178"}],"wp:attachment":[{"href":"https:\/\/congressogoianoortopedia.com.br\/2024\/wp-json\/wp\/v2\/media?parent=26"}],"curies":[{"name":"wp","href":"https:\/\/api.w.org\/{rel}","templated":true}]}}