{"id":26,"date":"2022-06-14T22:59:27","date_gmt":"2022-06-15T01:59:27","guid":{"rendered":"https:\/\/congressogoianoortopedia.com.br\/?page_id=26"},"modified":"2023-06-06T18:12:54","modified_gmt":"2023-06-06T21:12:54","slug":"o-evento","status":"publish","type":"page","link":"https:\/\/congressogoianoortopedia.com.br\/2023\/o-evento\/","title":{"rendered":"O Evento"},"content":{"rendered":"\t\t<div data-elementor-type=\"wp-page\" data-elementor-id=\"26\" class=\"elementor elementor-26\" data-elementor-post-type=\"page\">\n\t\t\t\t\t\t<section class=\"elementor-section elementor-top-section elementor-element elementor-element-17b42327 elementor-section-height-min-height elementor-section-boxed elementor-section-height-default elementor-section-items-middle\" data-id=\"17b42327\" data-element_type=\"section\" data-settings=\"{&quot;background_background&quot;:&quot;classic&quot;}\">\n\t\t\t\t\t\t\t<div class=\"elementor-background-overlay\"><\/div>\n\t\t\t\t\t\t\t<div class=\"elementor-container elementor-column-gap-default\">\n\t\t\t\t\t<div class=\"elementor-column elementor-col-100 elementor-top-column elementor-element elementor-element-536419cc\" data-id=\"536419cc\" data-element_type=\"column\">\n\t\t\t<div class=\"elementor-widget-wrap elementor-element-populated\">\n\t\t\t\t\t\t\t<\/div>\n\t\t<\/div>\n\t\t\t\t\t<\/div>\n\t\t<\/section>\n\t\t\t\t<section class=\"elementor-section elementor-top-section elementor-element elementor-element-c1c542e elementor-reverse-mobile elementor-section-boxed elementor-section-height-default elementor-section-height-default\" data-id=\"c1c542e\" data-element_type=\"section\" data-settings=\"{&quot;background_background&quot;:&quot;classic&quot;}\">\n\t\t\t\t\t\t<div class=\"elementor-container elementor-column-gap-default\">\n\t\t\t\t\t<div class=\"elementor-column elementor-col-100 elementor-top-column elementor-element elementor-element-e0879e3\" data-id=\"e0879e3\" data-element_type=\"column\">\n\t\t\t<div class=\"elementor-widget-wrap elementor-element-populated\">\n\t\t\t\t\t\t<div class=\"elementor-element elementor-element-c44301c elementor-widget elementor-widget-heading\" data-id=\"c44301c\" data-element_type=\"widget\" data-widget_type=\"heading.default\">\n\t\t\t\t<div class=\"elementor-widget-container\">\n\t\t\t<style>\/*! elementor - v3.22.0 - 17-06-2024 *\/\n.elementor-heading-title{padding:0;margin:0;line-height:1}.elementor-widget-heading .elementor-heading-title[class*=elementor-size-]>a{color:inherit;font-size:inherit;line-height:inherit}.elementor-widget-heading .elementor-heading-title.elementor-size-small{font-size:15px}.elementor-widget-heading .elementor-heading-title.elementor-size-medium{font-size:19px}.elementor-widget-heading .elementor-heading-title.elementor-size-large{font-size:29px}.elementor-widget-heading .elementor-heading-title.elementor-size-xl{font-size:39px}.elementor-widget-heading .elementor-heading-title.elementor-size-xxl{font-size:59px}<\/style><h2 class=\"elementor-heading-title elementor-size-default\">Sobre o Congresso<\/h2>\t\t<\/div>\n\t\t\t\t<\/div>\n\t\t\t\t<div class=\"elementor-element elementor-element-431c80c elementor-widget elementor-widget-text-editor\" data-id=\"431c80c\" data-element_type=\"widget\" data-widget_type=\"text-editor.default\">\n\t\t\t\t<div class=\"elementor-widget-container\">\n\t\t\t<style>\/*! elementor - v3.22.0 - 17-06-2024 *\/\n.elementor-widget-text-editor.elementor-drop-cap-view-stacked .elementor-drop-cap{background-color:#69727d;color:#fff}.elementor-widget-text-editor.elementor-drop-cap-view-framed .elementor-drop-cap{color:#69727d;border:3px solid;background-color:transparent}.elementor-widget-text-editor:not(.elementor-drop-cap-view-default) .elementor-drop-cap{margin-top:8px}.elementor-widget-text-editor:not(.elementor-drop-cap-view-default) .elementor-drop-cap-letter{width:1em;height:1em}.elementor-widget-text-editor .elementor-drop-cap{float:left;text-align:center;line-height:1;font-size:50px}.elementor-widget-text-editor .elementor-drop-cap-letter{display:inline-block}<\/style>\t\t\t\t<p>Prezados colegas,<\/p><p>\u00c9 com uma grande satisfa\u00e7\u00e3o que estamos divulgando uma importante altera\u00e7\u00e3o no nosso calend\u00e1rio de evento cient\u00edfico.\u00a0 O Congresso Goiano de Ortopedia agora \u00e9 um evento anual.<\/p><p>Neste sentido convidamos a todos que os preparativos para o 17\u00ba Congresso Goiano de Ortopedia, foram iniciados. Este evento acontecer\u00e1 nos dias 29 e 30 de setembro deste ano no Clarion Hotel, na cidade de Goi\u00e2nia -GO.<\/p><p>A iniciativa de tornar o maior evento de nossa sociedade, anual, se deu pela solicita\u00e7\u00e3o de v\u00e1rios colegas que se sentem prestigiados em participar de um evento cient\u00edfico desse porte em nosso Estado, al\u00e9m dos momentos de congra\u00e7amento social entre colegas de diversas cidades de nosso Estado.<\/p><p>A Comiss\u00e3o Cient\u00edfica est\u00e1 trabalhando com esmero e dedica\u00e7\u00e3o para apresentar um conte\u00fado interessante, atraente e consistente. As palestras e mesas redondas ser\u00e3o ministradas de forma din\u00e2mica, priorizando a m\u00e1xima participa\u00e7\u00e3o e integra\u00e7\u00e3o dos congressistas e palestrantes.<\/p><p>Paralelamente estamos empenhados que nossos patrocinadores al\u00e9m de realizar exposi\u00e7\u00e3o de seus materiais e medicamentos tenham espa\u00e7o para realiza\u00e7\u00e3o de workshops e novidades para o mercado de sa\u00fade goiana.<\/p><p>Ressaltamos que para o sucesso do nosso evento e fortalecimento da nossa especialidade sua participa\u00e7\u00e3o \u00e9 fundamental.<\/p>\t\t\t\t\t\t<\/div>\n\t\t\t\t<\/div>\n\t\t\t\t<section class=\"elementor-section elementor-inner-section elementor-element elementor-element-f56bbce elementor-section-boxed elementor-section-height-default elementor-section-height-default\" data-id=\"f56bbce\" data-element_type=\"section\">\n\t\t\t\t\t\t<div class=\"elementor-container elementor-column-gap-default\">\n\t\t\t\t\t<div class=\"elementor-column elementor-col-50 elementor-inner-column elementor-element elementor-element-d5e168c\" data-id=\"d5e168c\" data-element_type=\"column\">\n\t\t\t<div class=\"elementor-widget-wrap elementor-element-populated\">\n\t\t\t\t\t\t<div class=\"elementor-element elementor-element-34f50c2 elementor-position-left elementor-vertical-align-middle elementor-widget elementor-widget-image-box\" data-id=\"34f50c2\" data-element_type=\"widget\" data-widget_type=\"image-box.default\">\n\t\t\t\t<div class=\"elementor-widget-container\">\n\t\t\t<style>\/*! elementor - v3.22.0 - 17-06-2024 *\/\n.elementor-widget-image-box .elementor-image-box-content{width:100%}@media (min-width:768px){.elementor-widget-image-box.elementor-position-left .elementor-image-box-wrapper,.elementor-widget-image-box.elementor-position-right .elementor-image-box-wrapper{display:flex}.elementor-widget-image-box.elementor-position-right .elementor-image-box-wrapper{text-align:end;flex-direction:row-reverse}.elementor-widget-image-box.elementor-position-left .elementor-image-box-wrapper{text-align:start;flex-direction:row}.elementor-widget-image-box.elementor-position-top .elementor-image-box-img{margin:auto}.elementor-widget-image-box.elementor-vertical-align-top .elementor-image-box-wrapper{align-items:flex-start}.elementor-widget-image-box.elementor-vertical-align-middle .elementor-image-box-wrapper{align-items:center}.elementor-widget-image-box.elementor-vertical-align-bottom .elementor-image-box-wrapper{align-items:flex-end}}@media (max-width:767px){.elementor-widget-image-box .elementor-image-box-img{margin-left:auto!important;margin-right:auto!important;margin-bottom:15px}}.elementor-widget-image-box .elementor-image-box-img{display:inline-block}.elementor-widget-image-box .elementor-image-box-title a{color:inherit}.elementor-widget-image-box .elementor-image-box-wrapper{text-align:center}.elementor-widget-image-box .elementor-image-box-description{margin:0}<\/style><div class=\"elementor-image-box-wrapper\"><figure class=\"elementor-image-box-img\"><img fetchpriority=\"high\" decoding=\"async\" width=\"676\" height=\"676\" src=\"https:\/\/congressogoianoortopedia.com.br\/2023\/wp-content\/uploads\/2022\/07\/Jefferson-Soares-Martins.jpeg\" class=\"attachment-full size-full wp-image-317\" alt=\"\" srcset=\"https:\/\/congressogoianoortopedia.com.br\/2023\/wp-content\/uploads\/2022\/07\/Jefferson-Soares-Martins.jpeg 676w, https:\/\/congressogoianoortopedia.com.br\/2023\/wp-content\/uploads\/2022\/07\/Jefferson-Soares-Martins-300x300.jpeg 300w, https:\/\/congressogoianoortopedia.com.br\/2023\/wp-content\/uploads\/2022\/07\/Jefferson-Soares-Martins-150x150.jpeg 150w\" sizes=\"(max-width: 676px) 100vw, 676px\" \/><\/figure><div class=\"elementor-image-box-content\"><h3 class=\"elementor-image-box-title\">Dr. Jefferson Soares Martins<\/h3><p class=\"elementor-image-box-description\">Presidente do 17\u00ba Congresso Goiano<br\/> de Ortopedia e Traumatologia<\/p><\/div><\/div>\t\t<\/div>\n\t\t\t\t<\/div>\n\t\t\t\t\t<\/div>\n\t\t<\/div>\n\t\t\t\t<div class=\"elementor-column elementor-col-50 elementor-inner-column elementor-element elementor-element-dc279f9\" data-id=\"dc279f9\" data-element_type=\"column\">\n\t\t\t<div class=\"elementor-widget-wrap elementor-element-populated\">\n\t\t\t\t\t\t<div class=\"elementor-element elementor-element-4f2aca8 elementor-align-justify elementor-widget elementor-widget-button\" data-id=\"4f2aca8\" data-element_type=\"widget\" data-widget_type=\"button.default\">\n\t\t\t\t<div class=\"elementor-widget-container\">\n\t\t\t\t\t<div class=\"elementor-button-wrapper\">\n\t\t\t<a class=\"elementor-button elementor-button-link elementor-size-lg\" href=\"https:\/\/congressogoianoortopedia.com.br\/2023\/2022\/\">\n\t\t\t\t\t\t<span class=\"elementor-button-content-wrapper\">\n\t\t\t\t\t\t\t\t\t<span class=\"elementor-button-text\">Ver o site da edi\u00e7\u00e3o 2022<\/span>\n\t\t\t\t\t<\/span>\n\t\t\t\t\t<\/a>\n\t\t<\/div>\n\t\t\t\t<\/div>\n\t\t\t\t<\/div>\n\t\t\t\t\t<\/div>\n\t\t<\/div>\n\t\t\t\t\t<\/div>\n\t\t<\/section>\n\t\t\t\t<section class=\"elementor-section elementor-inner-section elementor-element elementor-element-7302cbc elementor-section-boxed elementor-section-height-default elementor-section-height-default\" data-id=\"7302cbc\" data-element_type=\"section\">\n\t\t\t\t\t\t<div class=\"elementor-container elementor-column-gap-default\">\n\t\t\t\t\t<div class=\"elementor-column elementor-col-50 elementor-inner-column elementor-element elementor-element-e19d5bb\" data-id=\"e19d5bb\" data-element_type=\"column\">\n\t\t\t<div class=\"elementor-widget-wrap\">\n\t\t\t\t\t\t\t<\/div>\n\t\t<\/div>\n\t\t\t\t<div class=\"elementor-column elementor-col-50 elementor-inner-column elementor-element elementor-element-e9c7a2f\" data-id=\"e9c7a2f\" data-element_type=\"column\">\n\t\t\t<div class=\"elementor-widget-wrap\">\n\t\t\t\t\t\t\t<\/div>\n\t\t<\/div>\n\t\t\t\t\t<\/div>\n\t\t<\/section>\n\t\t\t\t\t<\/div>\n\t\t<\/div>\n\t\t\t\t\t<\/div>\n\t\t<\/section>\n\t\t\t\t<\/div>\n\t\t","protected":false},"excerpt":{"rendered":"<p>Sobre o Congresso Prezados colegas, \u00c9 com uma grande satisfa\u00e7\u00e3o que estamos divulgando uma importante altera\u00e7\u00e3o no nosso calend\u00e1rio de evento cient\u00edfico.\u00a0 O Congresso Goiano de Ortopedia agora \u00e9 um evento anual. Neste sentido convidamos a todos que os preparativos para o 17\u00ba Congresso Goiano de Ortopedia, foram iniciados. Este evento acontecer\u00e1 nos dias 29 [&hellip;]<\/p>\n","protected":false},"author":1,"featured_media":0,"parent":0,"menu_order":0,"comment_status":"closed","ping_status":"closed","template":"elementor_header_footer","meta":[],"aioseo_notices":[],"_links":{"self":[{"href":"https:\/\/congressogoianoortopedia.com.br\/2023\/wp-json\/wp\/v2\/pages\/26"}],"collection":[{"href":"https:\/\/congressogoianoortopedia.com.br\/2023\/wp-json\/wp\/v2\/pages"}],"about":[{"href":"https:\/\/congressogoianoortopedia.com.br\/2023\/wp-json\/wp\/v2\/types\/page"}],"author":[{"embeddable":true,"href":"https:\/\/congressogoianoortopedia.com.br\/2023\/wp-json\/wp\/v2\/users\/1"}],"replies":[{"embeddable":true,"href":"https:\/\/congressogoianoortopedia.com.br\/2023\/wp-json\/wp\/v2\/comments?post=26"}],"version-history":[{"count":28,"href":"https:\/\/congressogoianoortopedia.com.br\/2023\/wp-json\/wp\/v2\/pages\/26\/revisions"}],"predecessor-version":[{"id":596,"href":"https:\/\/congressogoianoortopedia.com.br\/2023\/wp-json\/wp\/v2\/pages\/26\/revisions\/596"}],"wp:attachment":[{"href":"https:\/\/congressogoianoortopedia.com.br\/2023\/wp-json\/wp\/v2\/media?parent=26"}],"curies":[{"name":"wp","href":"https:\/\/api.w.org\/{rel}","templated":true}]}}